at are the prime factors of 235007903?
13, 19, 951449
List the prime factors of 1358371161.
3, 7, 19, 43, 463
List the prime factors of 4321494454.
2, 271, 7973237
List the prime factors of 213390436.
2, 7, 7621087
What are the prime factors of 2086183255?
5, 13, 137, 234271
What are the prime factors of 86794634?
2, 43397317
List the prime factors of 25303183.
25303183
List the prime factors of 450776654.
2, 43, 97, 54037
What are the prime factors of 2113012043?
71, 673, 44221
List the prime factors of 425967427.
425967427
What are the prime factors of 70163298?
2, 3, 61, 63901
What are the prime factors of 39889708?
2, 53, 188159
List the prime factors of 12077985.
3, 5, 41, 479
What are the prime factors of 217970247?
3, 11, 600469
What are the prime factors of 21166713?
3, 2351857
What are the prime factors of 328253116?
2, 239, 313, 1097
List the prime factors of 17286706.
2, 107, 80779
What are the prime factors of 6296814654?
2, 3, 13, 17, 279337
What are the prime factors of 209555221?
311, 673811
What are the prime factors of 106941121?
7, 47, 53, 6133
List the prime factors of 247090548.
2, 3, 20590879
What are the prime factors of 1502950753?
1502950753
List the prime factors of 5480389156.
2, 11, 199, 389, 1609
What are the prime factors of 392307118?
2, 7, 1049, 26713
What are the prime factors of 111027728?
2, 7, 20231
What are the prime factors of 2041123261?
2041123261
What are the prime factors of 348501769?
7, 11, 646571
What are the prime factors of 3208345644?
2, 3, 7, 38194591
List the prime factors of 3744934998.
2, 3, 7, 17, 19, 41, 6733
List the prime factors of 349393206.
2, 3, 47, 419, 2957
What are the prime factors of 322354152?
2, 3, 19, 67, 3517
What are the prime factors of 35691509?
7, 31, 164477
What are the prime factors of 72326394?
2, 3, 7, 103, 5573
What are the prime factors of 269382099?
3, 7, 12827719
What are the prime factors of 722714456?
2, 137, 223, 2957
List the prime factors of 175219486.
2, 13, 41, 164371
What are the prime factors of 1911910622?
2, 955955311
What are the prime factors of 4500398492?
2, 1125099623
What are the prime factors of 387769387?
337, 1150651
List the prime factors of 9526264.
2, 11, 103, 1051
List the prime factors of 68121401.
89, 765409
What are the prime factors of 211125193?
17, 730537
List the prime factors of 78308390.
2, 5, 431, 18169
What are the prime factors of 2816188?
2, 59, 11933
List the prime factors of 283617786.
2, 3, 47269631
What are the prime factors of 1575929565?
3, 5, 7, 487, 10273
What are the prime factors of 2462132?
2, 41, 15013
What are the prime factors of 1032173409?
3, 344057803
List the prime factors of 634678060.
2, 5, 73, 113, 3847
What are the prime factors of 248914322?
2, 2293, 54277
List the prime factors of 232234465.
5, 29, 1601617
What are the prime factors of 45547114?
2, 17, 61, 21961
List the prime factors of 1709479142.
2, 7, 113, 373, 2897
List the prime factors of 1838378010.
2, 3, 5, 7, 8754181
What are the prime factors of 28327583?
31, 43, 79, 269
List the prime factors of 77685711.
3, 25895237
What are the prime factors of 1288471302?
2, 3, 1621, 44159
What are the prime factors of 15614542?
2, 19, 53, 7753
What are the prime factors of 618895631?
2039, 303529
What are the prime factors of 395756860?
2, 5, 23, 860341
What are the prime factors of 4673523378?
2, 3, 173, 4502431
List the prime factors of 218720434.
2, 59, 1853563
List the prime factors of 3070999917.
3, 41, 83, 100271
List the prime factors of 95894444.
2, 19, 1261769
List the prime factors of 1758680307.
3, 195408923
What are the prime factors of 49610743?
7, 13, 17, 32069
What are the prime factors of 182756344?
2, 23, 993241
List the prime factors of 2828021827.
67, 191, 383, 577
List the prime factors of 1458776042.
2, 729388021
List the prime factors of 105165392.
2, 31, 149, 1423
What are the prime factors of 515931389?
515931389
List the prime factors of 800641752.
2, 3, 613, 54421
What are the prime factors of 2600932361?
15733, 165317
List the prime factors of 2166080533.
2166080533
What are the prime factors of 1832184235?
5, 7, 1068329
What are the prime factors of 701927603?
13, 17, 89, 127, 281
What are the prime factors of 732736476?
2, 3, 6784597
What are the prime factors of 391825570?
2, 5, 61, 71, 83, 109
What are the prime factors of 11044022?
2, 11, 502001
List the prime factors of 1266144978.
2, 3, 7, 449, 67141
List the prime factors of 384784665.
3, 5, 139, 179, 1031
List the prime factors of 25491055.
5, 5098211
List the prime factors of 46181079.
3, 7, 23, 29, 157
What are the prime factors of 4266814901?
4266814901
List the prime factors of 2324936996.
2, 73, 149, 53437
What are the prime factors of 21762054?
2, 3, 403001
What are the prime factors of 750636626?
2, 113, 3321401
List the prime factors of 446078007.
3, 49564223
What are the prime factors of 49325033?
37, 53, 25153
List the prime factors of 816023038.
2, 1493, 273283
What are the prime factors of 1633535414?
2, 7, 211, 552991
What are the prime factors of 103170432?
2, 3, 41, 6553
What are the prime factors of 783288?
2, 3, 11, 23, 43
List the prime factors of 322586560.
2, 5, 17, 19, 3121
List the prime factors of 878907119.
23, 41, 293, 3181
What are the prime factors of 275250139?
181, 1520719
List the prime factors of 421121223.
3, 829, 56443
List the prime factors of 254946229.
17, 337, 44501
List the prime factors of 249547268.
2, 62386817
List the prime factors of 5308344185.
5, 1061668837
What are the prime factors of 318417761?
3301, 96461
List the prime factors of 298385229.
3, 107, 929549
List the prime factors of 1535799754.
2, 17, 19, 109, 1283
What are the prime factors of 499583844?
2, 3, 13877329
List the prime factors of 1420407539.
47, 619, 48823
List the prime factors of 482196070.
2, 5, 48219607
List the prime factors of 6371578697.
11, 127, 4560901
What are the prime factors of 116247967?
11, 47, 20441
What are the prime factors of 192504806?
2, 13, 7404031
What are the prime factors of 1520399928?
2, 3, 63349997
What are the prime factors of 3612268201?
19, 233, 815963
List the prime factors of 144562397.
7, 2950253
List the prime factors of 47118686.
2, 37, 636739
What are the prime factors of 1564562353?
19, 37, 43, 73, 709
List the prime factors of 30699385.
5, 877, 7001
List the prime factors of 1569574752.
2, 3, 73, 223969
What are the prime factors of 47091763?
4259, 11057
List the prime factors of 91137880.
2, 5, 137, 16631
List the prime factors of 61663110.
2, 3, 5, 2055437
List the prime factors of 189053522.
2, 7, 13503823
List the prime factors of 3036585621.
3, 29, 127, 274829
List the prime factors of 571518604.
2, 31, 59, 191, 409
What are the prime factors of 197199452?
2, 761, 64783
List the prime factors of 509418795.
3, 5, 33961253
What are the prime factors of 563071992?
2, 3, 7, 19, 176401
List the prime factors of 392762879.
47, 1583, 5279
List the prime factors of 120798629.
7, 17256947
What are the prime factors of 28380489?
3, 9460163
List the prime factors of 2379799868.
2, 71, 1447, 5791
What are the prime factors of 340842665?
5, 68168533
List the prime factors of 437457900.
2, 3, 5, 11, 19, 6977
What are the prime factors of 355965039?
3, 1787, 22133
What are the prime factors of 2531958733?
17, 2647, 56267
What are the prime factors of 1215137748?
2, 3, 11, 23, 400243
List the prime factors of 2097199316.
2, 13859, 37831
What are the prime factors of 806442113?
5779, 139547
List the prime factors of 317846850.
2, 3, 5, 137, 15467
List the prime factors of 126261770.
2, 5, 59, 214003
What are the prime factors of 242124994?
2, 121062497
List the prime factors of 97911077.
11, 2927, 3041
What are the prime factors of 12201757?
12201757
What are the prime factors of 172546719?
3, 17, 3383269
What are the prime factors of 641250911?
7, 103, 889391
List the prime factors of 345517850.
2, 5, 19, 443, 821
List the prime factors of 341028651.
3, 113676217
What are the prime factors of 481362768?
2, 3, 23, 101, 1439
What are the prime factors of 1597488725?
5, 7, 17, 536971
What are the prime factors of 4182396789?
3, 1394132263
List the prime factors of 816953478.
2, 3, 11, 31, 227, 1759
List the prime factors of 1954